ose w + 20 = 6*w. Suppose -5*t + 22 = a, -16 = -2*a - 5*t + 2*t. Suppose 0*f + 24 = f - a*d, w*f - 96 = -3*d. What are the prime factors of f?
2, 3
Suppose -2*q + 3*i - 340 = -6*q, 2*q + i - 172 = 0. List the prime factors of q.
2, 11
Let z be 1 - -13 - (3 + -3). What are the prime factors of 2/7 + 192/z?
2, 7
Suppose -2*t - 20 = -6*t, -3*w - 5*t = 53. Suppose -2*g - 7 = 25. Let f = g - w. List the prime factors of f.
2, 5
Suppose -17 = 2*s + z, -2*s - 2*s - z = 31. Let h(d) = d**2 + 6*d - 2. Let w be h(s). Let c(f) = 2*f - 7. List the prime factors of c(w).
3
Let q be (2/5)/(2/10). Suppose -3*d + 14 = -q*d. List the prime factors of d.
2, 7
Let n(s) = s**2. Let l be n(2). What are the prime factors of 34*(3 + (-10)/l)?
17
Suppose 2 = -2*x - 5*m - 1, 5*x = m - 48. Let y = 9 - x. What are the prime factors of y?
2, 3
Suppose 3 = 5*w + 3*i, 1 + 2 = -5*w + 3*i. Suppose -c - 4*a + 9*a = -18, w = -3*c + 3*a + 30. Let p = 3 + c. What are the prime factors of p?
11
Let v(l) = 3*l - 14. List the prime factors of v(6).
2
Suppose -4*v + 2*r + 296 = -156, v + 5*r - 113 = 0. List the prime factors of v.
113
Let r(b) be the second derivative of b**5/20 - 2*b**4/3 + 4*b**3/3 - 5*b**2/2 - b. What are the prime factors of r(7)?
2
What are the prime factors of 1/(((-15)/320)/(-3))?
2
List the prime factors of 6/(-15) - (-2112)/30.
2, 5, 7
Suppose -11 = -3*x - 2. Suppose 4*h + 2 = 5*c - 10, -x*h - 9 = 3*c. Let y = c + 5. List the prime factors of y.
5
Suppose 4*c - 42 = -2*l + 58, -3*l - 66 = -2*c. Let z = -13 + c. What are the prime factors of z?
2, 7
Suppose -y = 5*q - 3*q - 4, -2*q + y + 4 = 0. Let r = q + -4. List the prime factors of 4 + r - (-7 - 1).
2, 5
Let m(u) be the third derivative of -u**4/12 - u**3/6 - 9*u**2. List the prime factors of m(-5).
3
Let d = 102 - 78. List the prime factors of d.
2, 3
Suppose -4*c = -c + 12. What are the prime factors of 2/c*-6*1?
3
Suppose 46 + 2 = 3*x. Let w = x - 11. List the prime factors of w.
5
Suppose 2*l - u - 90 + 1 = 0, 0 = 2*l - 3*u - 91. What are the prime factors of l?
2, 11
Let l(a) = a**2 + a - 4. Let m(d) = d**2 + 6*d - 7. Let p be m(-6). List the prime factors of l(p).
2, 19
Let z(d) = -d**3 + 6*d**2 + d. Let g be z(5). Let n be g/(-4) + (-4)/8. Let t = 12 - n. What are the prime factors of t?
2, 5
Let a = 98 + -68. Suppose h + a = 4*h. What are the prime factors of h?
2, 5
Let w(z) = z**3 + 4*z**2 - 8*z - 3. List the prime factors of w(-5).
2, 3
Let u(s) = s**3 + s**2 - s. Let y be u(0). Suppose 4*a = -a - m + 65, 4*a - 2*m - 38 = y. Suppose 5*j - 33 = a. List the prime factors of j.
3
Suppose 0 = 3*d + 2*d - 195. List the prime factors of d.
3, 13
Let b = 42 - -31. What are the prime factors of b?
73
Let b(z) = -3*z - 1. Let t be b(-3). List the prime factors of ((-4)/5)/(t/(-140)).
2, 7
Suppose 6*o = 468 + 1146. What are the prime factors of o?
269
List the prime factors of 5/10*2 - -56.
3, 19
Let z(a) = -18*a**3 - 1. Let w(g) = g**2 + 4*g - 6. Let o be w(-5). What are the prime factors of z(o)?
17
Let p be (4/(-6))/((-4)/30). Let s(k) = 17*k - 3. Let f be s(2). Suppose -f = -0*o - 2*o - p*x, 5*o = -5*x + 40. What are the prime factors of o?
3
Let w(h) be the third derivative of h**4/8 - h**3/2 - 5*h**2. List the prime factors of w(6).
3, 5
Let z(y) = y**2. Let w(c) = -6*c**2 - 2*c. Let a(s) = -w(s) - 3*z(s). Let n be a(2). Suppose -3*v = -2*j - 4, v - n = -4*v + j. List the prime factors of v.
2
Let b be (-10)/(-15) - (-4)/3. Let h be (-2)/7 - 32/(-14). Suppose -b*i + 18 = i + v, -i + 1 = h*v. What are the prime factors of i?
7
Let b(l) be the third derivative of l**5/20 + 4*l**2. Let g be b(-3). Let u = g - 18. List the prime factors of u.
3
Suppose 0 = 4*d - 2*r - 174 - 302, 2*r + 595 = 5*d. List the prime factors of d.
7, 17
Suppose -14*g + 20*g = 528. List the prime factors of g.
2, 11
Let k(d) = -d**2 + 7*d + 2. Suppose l - 5*r + 1 = -l, -2*r = -5*l + 29. Let x be k(l). Suppose -16 = -x*t + 18. List the prime factors of t.
17
Let w be (5/(15/(-6)))/1. Let v be w/4*(-2 - -4). What are the prime factors of (v - 5)*(1 + -3)?
2, 3
Let o(n) = 4*n + 378. What are the prime factors of o(0)?
2, 3, 7
Suppose -b + 12 = -29. What are the prime factors of b?
41
Let k(x) = -3*x**2 + 17*x + 4. Let i(m) = -2*m**2 + 11*m + 3. Suppose 3*u - 7 = 4*u. Let s(j) = u*i(j) + 5*k(j). List the prime factors of s(6).
11
Let t(u) = u**2 + 3*u. Let o be 35/11 + 6/(-33). Let z be t(o). Let d = z - -3. What are the prime factors of d?
3, 7
Let m = 39 - 16. Suppose m = 2*s + 5. List the prime factors of s.
3
Let w = -45 + 66. Let s(h) = -h**3 + 6*h**2 - 8*h + 3. Let r be s(5). Let g = w + r. List the prime factors of g.
3
Let g = 3 - 1. Suppose -2*i = -g*a + 12, 9*a - 26 = 4*a + i. What are the prime factors of 4/(3/(a - -1))?
2
Suppose -k - 2*g - 4 = 0, 3 = -3*k + 2*g + 31. What are the prime factors of k?
2, 3
Suppose -5 = -2*a + 15. Let u be 264/a - (-14)/(-35). Suppose 13 = 3*q - u. List the prime factors of q.
13
Let d(q) = q**2 - 11*q - 4. Let k be d(5). Let r = -8 - k. List the prime factors of r.
2, 13
Let g(r) = r**2 + 2*r - 1. Let d be g(-3). Let c be d/(-5) + 224/10. Let t = -13 + c. What are the prime factors of t?
3
Let u be 0*(0 + (-2)/4). Suppose u*r + 5 = r. List the prime factors of r.
5
Let c(h) = 2*h**2 + 14*h - 16. What are the prime factors of c(-15)?
2, 7
Let z be 2*3/6*95. Let x = -63 + z. List the prime factors of x.
2
Let x(c) = c**3 + 8*c**2 + 8*c + 9. Let j be x(-7). Suppose 0*y = -j*y + 14. What are the prime factors of y?
7
Suppose 0*q = q - 24. Let d(p) = p**3 + 9*p**2 + p + 12. Let l be d(-9). Suppose q = -k + l*k. List the prime factors of k.
2, 3
List the prime factors of 3 + -4 - 1*(-366)/2.
2, 7, 13
Let d(b) = -b**2 - 9*b + 4. Let i be d(-9). Let h(g) = -g**2 + g + 15. Let o be h(0). Let z = o - i. What are the prime factors of z?
11
Let o(r) = r**2 - 2*r + 3. Let h be o(2). Suppose 0 = 5*g - h*g - 8. What are the prime factors of 6/12 + 22/g?
2, 3
Suppose 0 = -5*t - 20, 0*f = -3*f + 3*t - 21. List the prime factors of (-2)/f + 93/33.
3
Let b = -52 - -189. List the prime factors of b.
137
Suppose 54 = 2*x + 4*z, 2*x + 0*z - 62 = 4*z. What are the prime factors of x?
29
Let q(s) = 4*s - 8*s - 2 + 3. Let i(w) = w**3 - 2*w**2 - 3*w + 4. Let j be i(2). List the prime factors of q(j).
3
Suppose 2*r + r - 129 = -c, 0 = r - 1. List the prime factors of c.
2, 3, 7
Let s(a) = -a**3 - 2*a**2 + a + 3. Let x be s(-3). Suppose -3*i - x = -30. What are the prime factors of i?
7
Let y be (3/(-2))/((-2)/4). Suppose 0 = -8*p + y*p + 80. What are the prime factors of p?
2
Let n(s) = s**2 - 3*s - 18. What are the prime factors of n(16)?
2, 5, 19
Let p = 13 + -17. Let w = 10 + p. What are the prime factors of w?
2, 3
List the prime factors of 3/(810/(-273) + 3).
7, 13
Suppose -2*s + y + 0*y + 13 = 0, -4*y = 12. Suppose -s*d = -x - 3*x + 50, -d - 43 = -3*x. What are the prime factors of x?
3, 5
List the prime factors of (12/9)/((-2)/(-27)).
2, 3
Suppose 8*m - 5*m = 687. List the prime factors of m.
229
Suppose 0*n = -4*n + 16. Suppose 0 = -n*h + 4. Suppose -m + h = 5, -k - 4*m - 9 = 0. List the prime factors of k.
7
Suppose -6*c + 2*c + 76 = 0. List the prime factors of c.
19
Suppose -36 = -5*w + w. Let z be (w/3)/(-3) + 3. Suppose -3*u = c - 5, -z*c - 4 = 2*c. What are the prime factors of u?
2
Suppose 2*u = 4*t + 78, -5*t = -2*t - 12. List the prime factors of u.
47
Suppose -2*g + g = -3*w - 17, 3*g = w - 5. Let l(m) = -3*m + 1. Let f(s) = 4*s. Let q(x) = -4*f(x) - 5*l(x). What are the prime factors of q(w)?
2
Suppose -5*g = -3*g + k + 8, 0 = g - 3*k - 10. Let y(f) = -f - 2. Let q be y(g). Suppose q = 2*n + n - 36. List the prime factors of n.
2, 3
Suppose -3*p = m - 9, 3*p + 11 = m + 7*p. Suppose 0 = -0*b - m*b. Suppose b*z - 42 = -3*z. List the prime factors of z.
2, 7
List the prime factors of ((-124)/8)/(1/(-4)).
2, 31
Suppose -2*b + 30 + 12 = 0. Let i = b + -47. List the prime factors of (-3)/5 - i/10.
2
Let r(b) = -4*b + 2 - 4*b + 4*b + 3*b. Let c(o) = o**2 - 4*o + 1. Let z be c(3). What are the prime factors of r(z)?
2
Let s(t) = -3*t**2 - 3*t + 10. Let v(g) = g**2 - 1 + 6 - 10 + 2*g + 0. Let b(u) = -2*s(u) - 5*v(u). List the prime factors of b(6).
17
Suppose 0 = -k + 4*t - 0*t - 25, -4*k - 40 = -